{"id":181,"date":"2017-11-04T20:44:01","date_gmt":"2017-11-04T19:44:01","guid":{"rendered":"http:\/\/www.sweetbazl.cz\/?page_id=181"},"modified":"2023-02-17T18:19:29","modified_gmt":"2023-02-17T17:19:29","slug":"dukatella","status":"publish","type":"page","link":"https:\/\/www.sweetbazl.cz\/?page_id=181","title":{"rendered":"Dukatella"},"content":{"rendered":"<h1 style=\"text-align: center;\"><strong>Dukatella Sweet Bazl <\/strong><\/h1>\n<hr \/>\n<p style=\"text-align: center;\"><strong>Narozena: 7.7.2017<\/strong><\/p>\n<p style=\"text-align: center;\"><strong>V\u00e1ha<\/strong>: 6,5kg<\/p>\n<p style=\"text-align: center;\"><strong>Chovn\u00e1 (bonitace):<\/strong> 7.10.2018 &#8211; kastrace 2021<\/p>\n<p style=\"text-align: center;\"><a href=\"http:\/\/www.sweetbazl.cz\/wp-content\/uploads\/2017\/11\/IMG_4453.jpg\"><img decoding=\"async\" loading=\"lazy\" class=\"wp-image-182 aligncenter\" src=\"http:\/\/www.sweetbazl.cz\/wp-content\/uploads\/2017\/11\/IMG_4453-1024x770.jpg\" alt=\"IMG_4453\" width=\"641\" height=\"482\" srcset=\"https:\/\/www.sweetbazl.cz\/wp-content\/uploads\/2017\/11\/IMG_4453-1024x770.jpg 1024w, https:\/\/www.sweetbazl.cz\/wp-content\/uploads\/2017\/11\/IMG_4453-300x226.jpg 300w, https:\/\/www.sweetbazl.cz\/wp-content\/uploads\/2017\/11\/IMG_4453-768x577.jpg 768w, https:\/\/www.sweetbazl.cz\/wp-content\/uploads\/2017\/11\/IMG_4453-1140x857.jpg 1140w\" sizes=\"(max-width: 641px) 100vw, 641px\" \/><\/a><\/p>\n<p style=\"text-align: center;\"><strong>Dukatella je fene\u010dka z na\u0161\u00ed chovatelsk\u00e9 stanice. Z mal\u00e9ho \u0161t\u011b\u0148\u00e1tka vyrostla u\u017easn\u00e1 ps\u00ed sle\u010dna. Dukatellka je povahov\u011b u\u017easn\u00e1, je to takovej n\u00e1\u0161 Dudl\u00ed\u010dek \ud83d\ude42 Venku je poslu\u0161n\u00e1, bez problemu zvl\u00e1d\u00e1 p\u0159ivol\u00e1n\u00ed, chuze bez voditka na chodn\u00edku. Je velice u\u010denliv\u00e1 a chytr\u00e1. R\u00e1da a rychle b\u011bh\u00e1. S Duk jsme vyzkou\u0161eli n\u011bkolik v\u00fdstav kde na n\u00ed byla sam\u00e1 chv\u00e1la, ale j\u00ed to moc nebav\u00ed a moc dob\u0159e se neprezentuje, tak\u017ee j\u00ed t\u00edm tolik nebudeme zlobit a rad\u011bji j\u00ed vezmeme vyb\u011bhat na louku \ud83d\ude42 Je usp\u011b\u0161n\u011b uchovn\u011bn\u00e1 a naprosto zdrav\u00e1 \ud83d\ude42<br \/>\n<\/strong><\/p>\n<p style=\"text-align: center;\"><strong><span style=\"color: #000000;\">Dukatellka u\u017e m\u00e1 sv\u00e9 maminkovsk\u00e9 povinnosti zasebou, tak\u017ee jsme j\u00ed p\u0159i posledn\u00edm vrhu K nechali vykastrovat a u\u017e\u00edv\u00e1 u\u017e si u n\u00e1s jen klidn\u00fd &#8222;d\u016fchod&#8220; \ud83d\ude42<\/span><\/strong><\/p>\n<p><a href=\"http:\/\/www.sweetbazl.cz\/wp-content\/uploads\/2017\/11\/IMG_4369.jpg\"><img decoding=\"async\" loading=\"lazy\" class=\"alignnone size-large wp-image-183\" src=\"http:\/\/www.sweetbazl.cz\/wp-content\/uploads\/2017\/11\/IMG_4369-1024x678.jpg\" alt=\"IMG_4369\" width=\"1024\" height=\"678\" srcset=\"https:\/\/www.sweetbazl.cz\/wp-content\/uploads\/2017\/11\/IMG_4369-1024x678.jpg 1024w, https:\/\/www.sweetbazl.cz\/wp-content\/uploads\/2017\/11\/IMG_4369-300x199.jpg 300w, https:\/\/www.sweetbazl.cz\/wp-content\/uploads\/2017\/11\/IMG_4369-768x508.jpg 768w, https:\/\/www.sweetbazl.cz\/wp-content\/uploads\/2017\/11\/IMG_4369-1140x754.jpg 1140w\" sizes=\"(max-width: 1024px) 100vw, 1024px\" \/><\/a><\/p>\n<p style=\"text-align: left;\"><strong>\u00a0V\u00fdstavy:<\/strong><\/p>\n<p style=\"text-align: left;\">18.11. 2017 Svatomart\u00ednsk\u00e1 v\u00fdstava VN1<\/p>\n<p style=\"text-align: left;\">15.7.2018 N\u00e1rodn\u00ed v\u00fdstava MB V3<\/p>\n<p style=\"text-align: left;\">4.8.2018 Krajsk\u00e1 v\u00fdstava Kladno V1 V\u00edt\u011bz t\u0159\u00eddy mlad\u00fdch<\/p>\n<p style=\"text-align: left;\">1.9.2018 Oblastn\u00ed v\u00fdstava Rybn\u00edky V1 V\u00edt\u011bz t\u0159\u00eddy mlad\u00fdch<\/p>\n<p style=\"text-align: left;\">15.9.2018 Klubov\u00e1 v\u00fdstava MB V<\/p>\n<p style=\"text-align: left;\">29.9.2018 Oblastn\u00ed v\u00fdstava D\u017eb\u00e1n V2<\/p>\n<p style=\"text-align: left;\">7.10.2018 Mezin\u00e1rodn\u00ed vystava \u010cB V Res. CAC<\/p>\n<p style=\"text-align: left;\">14.10.2018 Krajsk\u00e1 vystava Rychety V1 V\u00edt\u011bz t\u0159\u00eddy<\/p>\n","protected":false},"excerpt":{"rendered":"<p>Dukatella Sweet Bazl Narozena: 7.7.2017 V\u00e1ha: 6,5kg Chovn\u00e1 (bonitace): 7.10.2018 &#8211; kastrace 2021 Dukatella je fene\u010dka z na\u0161\u00ed chovatelsk\u00e9 stanice. Z mal\u00e9ho \u0161t\u011b\u0148\u00e1tka vyrostla u\u017easn\u00e1 ps\u00ed sle\u010dna. Dukatellka je povahov\u011b u\u017easn\u00e1, je to takovej n\u00e1\u0161 Dudl\u00ed\u010dek \ud83d\ude42 Venku je poslu\u0161n\u00e1, bez problemu zvl\u00e1d\u00e1 p\u0159ivol\u00e1n\u00ed, chuze bez voditka na chodn\u00edku. Je velice u\u010denliv\u00e1 a chytr\u00e1. R\u00e1da<span class=\"excerpt-ellipsis\">&#8230;<\/span><\/p>\n<p><a class=\"more-link\" href=\"https:\/\/www.sweetbazl.cz\/?page_id=181\" itemprop=\"url\">Continue Reading<\/a><\/p>\n","protected":false},"author":1,"featured_media":0,"parent":0,"menu_order":0,"comment_status":"closed","ping_status":"closed","template":"","meta":[],"_links":{"self":[{"href":"https:\/\/www.sweetbazl.cz\/index.php?rest_route=\/wp\/v2\/pages\/181"}],"collection":[{"href":"https:\/\/www.sweetbazl.cz\/index.php?rest_route=\/wp\/v2\/pages"}],"about":[{"href":"https:\/\/www.sweetbazl.cz\/index.php?rest_route=\/wp\/v2\/types\/page"}],"author":[{"embeddable":true,"href":"https:\/\/www.sweetbazl.cz\/index.php?rest_route=\/wp\/v2\/users\/1"}],"replies":[{"embeddable":true,"href":"https:\/\/www.sweetbazl.cz\/index.php?rest_route=%2Fwp%2Fv2%2Fcomments&post=181"}],"version-history":[{"count":7,"href":"https:\/\/www.sweetbazl.cz\/index.php?rest_route=\/wp\/v2\/pages\/181\/revisions"}],"predecessor-version":[{"id":358,"href":"https:\/\/www.sweetbazl.cz\/index.php?rest_route=\/wp\/v2\/pages\/181\/revisions\/358"}],"wp:attachment":[{"href":"https:\/\/www.sweetbazl.cz\/index.php?rest_route=%2Fwp%2Fv2%2Fmedia&parent=181"}],"curies":[{"name":"wp","href":"https:\/\/api.w.org\/{rel}","templated":true}]}}