{"id":20,"date":"2016-11-20T19:40:14","date_gmt":"2016-11-20T18:40:14","guid":{"rendered":"http:\/\/www.sweetbazl.cz\/?page_id=20"},"modified":"2016-12-04T18:19:18","modified_gmt":"2016-12-04T17:19:18","slug":"vrh-c","status":"publish","type":"page","link":"https:\/\/www.sweetbazl.cz\/?page_id=20","title":{"rendered":"Vrh C"},"content":{"rendered":"<p style=\"text-align: center;\"><strong>1.5.2016 se n\u00e1m narodila \u0161t\u011b\u0148\u00e1tka. 3 hol\u010di\u010dky a 3 kluci.<\/strong><\/p>\n<p style=\"text-align: center;\"><strong> Ze spojen\u00ed Darina od Libu\u0161in\u00fdch l\u00e1zn\u00ed a Uppy od Kopce Zeb\u00edna<\/strong><\/p>\n<p style=\"text-align: center;\">V\u0161echna \u0161t\u011b\u0148\u00e1tka jsou ji\u017e v nov\u00fdch domovech.<\/p>\n<p style=\"text-align: center;\"><a href=\"http:\/\/www.sweetbazl.cz\/wp-content\/uploads\/2016\/11\/podklad-kopie.jpg\"><img decoding=\"async\" loading=\"lazy\" class=\"size-medium wp-image-70 aligncenter\" src=\"http:\/\/www.sweetbazl.cz\/wp-content\/uploads\/2016\/11\/podklad-kopie-300x214.jpg\" alt=\"podklad-kopie\" width=\"300\" height=\"214\" srcset=\"https:\/\/www.sweetbazl.cz\/wp-content\/uploads\/2016\/11\/podklad-kopie-300x214.jpg 300w, https:\/\/www.sweetbazl.cz\/wp-content\/uploads\/2016\/11\/podklad-kopie-768x548.jpg 768w, https:\/\/www.sweetbazl.cz\/wp-content\/uploads\/2016\/11\/podklad-kopie-1024x731.jpg 1024w, https:\/\/www.sweetbazl.cz\/wp-content\/uploads\/2016\/11\/podklad-kopie-190x136.jpg 190w\" sizes=\"(max-width: 300px) 100vw, 300px\" \/><\/a><\/p>\n<p style=\"text-align: center;\"><strong>Kluk 1. Cottage-Skittles<\/strong><\/p>\n<p style=\"text-align: center;\"><a href=\"http:\/\/www.sweetbazl.cz\/wp-content\/uploads\/2016\/11\/14528249_10209401317221369_870300656_n_Fotor_Collage.jpg\"><img decoding=\"async\" loading=\"lazy\" class=\" wp-image-71 aligncenter\" src=\"http:\/\/www.sweetbazl.cz\/wp-content\/uploads\/2016\/11\/14528249_10209401317221369_870300656_n_Fotor_Collage-1024x1024.jpg\" alt=\"14528249_10209401317221369_870300656_n_fotor_collage\" width=\"639\" height=\"639\" srcset=\"https:\/\/www.sweetbazl.cz\/wp-content\/uploads\/2016\/11\/14528249_10209401317221369_870300656_n_Fotor_Collage-1024x1024.jpg 1024w, https:\/\/www.sweetbazl.cz\/wp-content\/uploads\/2016\/11\/14528249_10209401317221369_870300656_n_Fotor_Collage-150x150.jpg 150w, https:\/\/www.sweetbazl.cz\/wp-content\/uploads\/2016\/11\/14528249_10209401317221369_870300656_n_Fotor_Collage-300x300.jpg 300w, https:\/\/www.sweetbazl.cz\/wp-content\/uploads\/2016\/11\/14528249_10209401317221369_870300656_n_Fotor_Collage-768x768.jpg 768w, https:\/\/www.sweetbazl.cz\/wp-content\/uploads\/2016\/11\/14528249_10209401317221369_870300656_n_Fotor_Collage-190x190.jpg 190w\" sizes=\"(max-width: 639px) 100vw, 639px\" \/><\/a><\/p>\n<p style=\"text-align: center;\"><strong>Kluk 2. Curry- Kari<\/strong><\/p>\n<p style=\"text-align: center;\"><a href=\"http:\/\/www.sweetbazl.cz\/wp-content\/uploads\/2016\/11\/DSCN5853_Fotor_Collage.jpg\"><img decoding=\"async\" loading=\"lazy\" class=\" wp-image-75 aligncenter\" src=\"http:\/\/www.sweetbazl.cz\/wp-content\/uploads\/2016\/11\/DSCN5853_Fotor_Collage-1024x1024.jpg\" alt=\"dscn5853_fotor_collage\" width=\"644\" height=\"644\" srcset=\"https:\/\/www.sweetbazl.cz\/wp-content\/uploads\/2016\/11\/DSCN5853_Fotor_Collage-1024x1024.jpg 1024w, https:\/\/www.sweetbazl.cz\/wp-content\/uploads\/2016\/11\/DSCN5853_Fotor_Collage-150x150.jpg 150w, https:\/\/www.sweetbazl.cz\/wp-content\/uploads\/2016\/11\/DSCN5853_Fotor_Collage-300x300.jpg 300w, https:\/\/www.sweetbazl.cz\/wp-content\/uploads\/2016\/11\/DSCN5853_Fotor_Collage-768x768.jpg 768w, https:\/\/www.sweetbazl.cz\/wp-content\/uploads\/2016\/11\/DSCN5853_Fotor_Collage-190x190.jpg 190w\" sizes=\"(max-width: 644px) 100vw, 644px\" \/><\/a><\/p>\n<p style=\"text-align: center;\"><strong>Kluk 3. Caprese<\/strong><\/p>\n<p style=\"text-align: center;\"><a href=\"http:\/\/www.sweetbazl.cz\/wp-content\/uploads\/2016\/11\/14826445_10209335301594575_1042769387_n_Fotor_Collage.jpg\"><img decoding=\"async\" loading=\"lazy\" class=\"wp-image-73 aligncenter\" src=\"http:\/\/www.sweetbazl.cz\/wp-content\/uploads\/2016\/11\/14826445_10209335301594575_1042769387_n_Fotor_Collage-1024x1024.jpg\" alt=\"14826445_10209335301594575_1042769387_n_fotor_collage\" width=\"634\" height=\"634\" srcset=\"https:\/\/www.sweetbazl.cz\/wp-content\/uploads\/2016\/11\/14826445_10209335301594575_1042769387_n_Fotor_Collage-1024x1024.jpg 1024w, https:\/\/www.sweetbazl.cz\/wp-content\/uploads\/2016\/11\/14826445_10209335301594575_1042769387_n_Fotor_Collage-150x150.jpg 150w, https:\/\/www.sweetbazl.cz\/wp-content\/uploads\/2016\/11\/14826445_10209335301594575_1042769387_n_Fotor_Collage-300x300.jpg 300w, https:\/\/www.sweetbazl.cz\/wp-content\/uploads\/2016\/11\/14826445_10209335301594575_1042769387_n_Fotor_Collage-768x768.jpg 768w, https:\/\/www.sweetbazl.cz\/wp-content\/uploads\/2016\/11\/14826445_10209335301594575_1042769387_n_Fotor_Collage-190x190.jpg 190w\" sizes=\"(max-width: 634px) 100vw, 634px\" \/><\/a><\/p>\n<p style=\"text-align: center;\"><strong>Holka 1. Caramella<\/strong><\/p>\n<p style=\"text-align: center;\"><a href=\"http:\/\/www.sweetbazl.cz\/wp-content\/uploads\/2016\/11\/IMG_2583_Fotor_Collage.jpg\"><img decoding=\"async\" loading=\"lazy\" class=\"wp-image-76 aligncenter\" src=\"http:\/\/www.sweetbazl.cz\/wp-content\/uploads\/2016\/11\/IMG_2583_Fotor_Collage-1024x1024.jpg\" alt=\"img_2583_fotor_collage\" width=\"634\" height=\"634\" srcset=\"https:\/\/www.sweetbazl.cz\/wp-content\/uploads\/2016\/11\/IMG_2583_Fotor_Collage-1024x1024.jpg 1024w, https:\/\/www.sweetbazl.cz\/wp-content\/uploads\/2016\/11\/IMG_2583_Fotor_Collage-150x150.jpg 150w, https:\/\/www.sweetbazl.cz\/wp-content\/uploads\/2016\/11\/IMG_2583_Fotor_Collage-300x300.jpg 300w, https:\/\/www.sweetbazl.cz\/wp-content\/uploads\/2016\/11\/IMG_2583_Fotor_Collage-768x768.jpg 768w, https:\/\/www.sweetbazl.cz\/wp-content\/uploads\/2016\/11\/IMG_2583_Fotor_Collage-190x190.jpg 190w\" sizes=\"(max-width: 634px) 100vw, 634px\" \/><\/a><\/p>\n<p style=\"text-align: center;\"><strong>Holka 2. Coffee- Lilly<\/strong><\/p>\n<p style=\"text-align: center;\"><a href=\"http:\/\/www.sweetbazl.cz\/wp-content\/uploads\/2016\/11\/DSCN5846_Fotor_Collage.jpg\"><img decoding=\"async\" loading=\"lazy\" class=\"wp-image-74 aligncenter\" src=\"http:\/\/www.sweetbazl.cz\/wp-content\/uploads\/2016\/11\/DSCN5846_Fotor_Collage-1024x1024.jpg\" alt=\"dscn5846_fotor_collage\" width=\"634\" height=\"634\" srcset=\"https:\/\/www.sweetbazl.cz\/wp-content\/uploads\/2016\/11\/DSCN5846_Fotor_Collage-1024x1024.jpg 1024w, https:\/\/www.sweetbazl.cz\/wp-content\/uploads\/2016\/11\/DSCN5846_Fotor_Collage-150x150.jpg 150w, https:\/\/www.sweetbazl.cz\/wp-content\/uploads\/2016\/11\/DSCN5846_Fotor_Collage-300x300.jpg 300w, https:\/\/www.sweetbazl.cz\/wp-content\/uploads\/2016\/11\/DSCN5846_Fotor_Collage-768x768.jpg 768w, https:\/\/www.sweetbazl.cz\/wp-content\/uploads\/2016\/11\/DSCN5846_Fotor_Collage-190x190.jpg 190w\" sizes=\"(max-width: 634px) 100vw, 634px\" \/><\/a><\/p>\n<p style=\"text-align: center;\"><strong>Holka 3. Cookie<\/strong><\/p>\n<p style=\"text-align: center;\"><a href=\"http:\/\/www.sweetbazl.cz\/wp-content\/uploads\/2016\/11\/14805393_1211374082253908_231190518_n_Fotor_Collage.jpg\"><img decoding=\"async\" loading=\"lazy\" class=\"wp-image-72 aligncenter\" src=\"http:\/\/www.sweetbazl.cz\/wp-content\/uploads\/2016\/11\/14805393_1211374082253908_231190518_n_Fotor_Collage-1024x1024.jpg\" alt=\"14805393_1211374082253908_231190518_n_fotor_collage\" width=\"634\" height=\"634\" srcset=\"https:\/\/www.sweetbazl.cz\/wp-content\/uploads\/2016\/11\/14805393_1211374082253908_231190518_n_Fotor_Collage-1024x1024.jpg 1024w, https:\/\/www.sweetbazl.cz\/wp-content\/uploads\/2016\/11\/14805393_1211374082253908_231190518_n_Fotor_Collage-150x150.jpg 150w, https:\/\/www.sweetbazl.cz\/wp-content\/uploads\/2016\/11\/14805393_1211374082253908_231190518_n_Fotor_Collage-300x300.jpg 300w, https:\/\/www.sweetbazl.cz\/wp-content\/uploads\/2016\/11\/14805393_1211374082253908_231190518_n_Fotor_Collage-768x768.jpg 768w, https:\/\/www.sweetbazl.cz\/wp-content\/uploads\/2016\/11\/14805393_1211374082253908_231190518_n_Fotor_Collage-190x190.jpg 190w\" sizes=\"(max-width: 634px) 100vw, 634px\" \/><\/a><\/p>\n","protected":false},"excerpt":{"rendered":"<p>1.5.2016 se n\u00e1m narodila \u0161t\u011b\u0148\u00e1tka. 3 hol\u010di\u010dky a 3 kluci. Ze spojen\u00ed Darina od Libu\u0161in\u00fdch l\u00e1zn\u00ed a Uppy od Kopce Zeb\u00edna V\u0161echna \u0161t\u011b\u0148\u00e1tka jsou ji\u017e v nov\u00fdch domovech. Kluk 1. Cottage-Skittles Kluk 2. Curry- Kari Kluk 3. Caprese Holka 1. Caramella Holka 2. Coffee- Lilly Holka 3. Cookie<\/p>\n","protected":false},"author":1,"featured_media":0,"parent":0,"menu_order":0,"comment_status":"closed","ping_status":"closed","template":"","meta":[],"_links":{"self":[{"href":"https:\/\/www.sweetbazl.cz\/index.php?rest_route=\/wp\/v2\/pages\/20"}],"collection":[{"href":"https:\/\/www.sweetbazl.cz\/index.php?rest_route=\/wp\/v2\/pages"}],"about":[{"href":"https:\/\/www.sweetbazl.cz\/index.php?rest_route=\/wp\/v2\/types\/page"}],"author":[{"embeddable":true,"href":"https:\/\/www.sweetbazl.cz\/index.php?rest_route=\/wp\/v2\/users\/1"}],"replies":[{"embeddable":true,"href":"https:\/\/www.sweetbazl.cz\/index.php?rest_route=%2Fwp%2Fv2%2Fcomments&post=20"}],"version-history":[{"count":4,"href":"https:\/\/www.sweetbazl.cz\/index.php?rest_route=\/wp\/v2\/pages\/20\/revisions"}],"predecessor-version":[{"id":134,"href":"https:\/\/www.sweetbazl.cz\/index.php?rest_route=\/wp\/v2\/pages\/20\/revisions\/134"}],"wp:attachment":[{"href":"https:\/\/www.sweetbazl.cz\/index.php?rest_route=%2Fwp%2Fv2%2Fmedia&parent=20"}],"curies":[{"name":"wp","href":"https:\/\/api.w.org\/{rel}","templated":true}]}}