{"id":289,"date":"2019-04-23T13:25:01","date_gmt":"2019-04-23T11:25:01","guid":{"rendered":"http:\/\/www.sweetbazl.cz\/?page_id=289"},"modified":"2019-06-07T11:45:02","modified_gmt":"2019-06-07T09:45:02","slug":"vrh-g","status":"publish","type":"page","link":"https:\/\/www.sweetbazl.cz\/?page_id=289","title":{"rendered":"Vrh G"},"content":{"rendered":"<p style=\"text-align: center;\"><strong>5.4.2019 se n\u00e1m narodila \u0161t\u011b\u0148\u00e1tka. <\/strong><\/p>\n<p style=\"text-align: center;\"><strong>M\u00e1me dva chlape\u010dky Gul\u00e1\u0161ka a Grili\u00e1\u0161ka.<br \/>\n<\/strong><\/p>\n<p style=\"text-align: center;\">Oba kluci u\u017e jsou v nov\u00fdch domovech<\/p>\n<p style=\"text-align: center;\"><strong>Matka : Caramella Sweet Bazl (n\u00e1\u0161 odchov) <\/strong><\/p>\n<p style=\"text-align: center;\"><strong>Otec: Heartily Knockout (Bucif\u00e1lek, p\u0159ivezen ze Srbska)<\/strong><\/p>\n<p style=\"text-align: center;\">Oba rodi\u010de vid\u011bni u n\u00e1s \ud83d\ude42<\/p>\n<p style=\"text-align: center;\">Grili\u00e1\u0161ek- voln\u00fd<\/p>\n<p style=\"text-align: center;\"><a href=\"http:\/\/www.sweetbazl.cz\/wp-content\/uploads\/2017\/05\/IMG_8849.jpg\"><img decoding=\"async\" loading=\"lazy\" class=\"size-medium wp-image-298 aligncenter\" src=\"http:\/\/www.sweetbazl.cz\/wp-content\/uploads\/2017\/05\/IMG_8849-300x169.jpg\" alt=\"IMG_8849\" width=\"300\" height=\"169\" srcset=\"https:\/\/www.sweetbazl.cz\/wp-content\/uploads\/2017\/05\/IMG_8849-300x169.jpg 300w, https:\/\/www.sweetbazl.cz\/wp-content\/uploads\/2017\/05\/IMG_8849-768x433.jpg 768w, https:\/\/www.sweetbazl.cz\/wp-content\/uploads\/2017\/05\/IMG_8849-1024x577.jpg 1024w, https:\/\/www.sweetbazl.cz\/wp-content\/uploads\/2017\/05\/IMG_8849-1140x643.jpg 1140w\" sizes=\"(max-width: 300px) 100vw, 300px\" \/><\/a><\/p>\n<p style=\"text-align: center;\">Gul\u00e1\u0161ek- rezervovan<\/p>\n<p style=\"text-align: center;\"><a href=\"http:\/\/www.sweetbazl.cz\/wp-content\/uploads\/2019\/04\/IMG_8826.jpg\"><img decoding=\"async\" loading=\"lazy\" class=\"size-medium wp-image-301 aligncenter\" src=\"http:\/\/www.sweetbazl.cz\/wp-content\/uploads\/2019\/04\/IMG_8826-300x228.jpg\" alt=\"IMG_8826\" width=\"300\" height=\"228\" srcset=\"https:\/\/www.sweetbazl.cz\/wp-content\/uploads\/2019\/04\/IMG_8826-300x228.jpg 300w, https:\/\/www.sweetbazl.cz\/wp-content\/uploads\/2019\/04\/IMG_8826-768x583.jpg 768w, https:\/\/www.sweetbazl.cz\/wp-content\/uploads\/2019\/04\/IMG_8826-1024x778.jpg 1024w, https:\/\/www.sweetbazl.cz\/wp-content\/uploads\/2019\/04\/IMG_8826-1140x866.jpg 1140w\" sizes=\"(max-width: 300px) 100vw, 300px\" \/><\/a><\/p>\n<p style=\"text-align: center;\"><a href=\"http:\/\/www.sweetbazl.cz\/wp-content\/uploads\/2019\/04\/IMG_8651.jpg\"><img decoding=\"async\" loading=\"lazy\" class=\"alignnone size-large wp-image-292\" src=\"http:\/\/www.sweetbazl.cz\/wp-content\/uploads\/2019\/04\/IMG_8651-1024x648.jpg\" alt=\"IMG_8651\" width=\"1024\" height=\"648\" srcset=\"https:\/\/www.sweetbazl.cz\/wp-content\/uploads\/2019\/04\/IMG_8651-1024x648.jpg 1024w, https:\/\/www.sweetbazl.cz\/wp-content\/uploads\/2019\/04\/IMG_8651-300x190.jpg 300w, https:\/\/www.sweetbazl.cz\/wp-content\/uploads\/2019\/04\/IMG_8651-768x486.jpg 768w, https:\/\/www.sweetbazl.cz\/wp-content\/uploads\/2019\/04\/IMG_8651-1140x721.jpg 1140w\" sizes=\"(max-width: 1024px) 100vw, 1024px\" \/><\/a><\/p>\n<p>&nbsp;<\/p>\n<p>&nbsp;<\/p>\n<p>&nbsp;<\/p>\n","protected":false},"excerpt":{"rendered":"<p>5.4.2019 se n\u00e1m narodila \u0161t\u011b\u0148\u00e1tka. M\u00e1me dva chlape\u010dky Gul\u00e1\u0161ka a Grili\u00e1\u0161ka. Oba kluci u\u017e jsou v nov\u00fdch domovech Matka : Caramella Sweet Bazl (n\u00e1\u0161 odchov) Otec: Heartily Knockout (Bucif\u00e1lek, p\u0159ivezen ze Srbska) Oba rodi\u010de vid\u011bni u n\u00e1s \ud83d\ude42 Grili\u00e1\u0161ek- voln\u00fd Gul\u00e1\u0161ek- rezervovan &nbsp; &nbsp; &nbsp;<\/p>\n","protected":false},"author":1,"featured_media":0,"parent":0,"menu_order":0,"comment_status":"closed","ping_status":"closed","template":"","meta":[],"_links":{"self":[{"href":"https:\/\/www.sweetbazl.cz\/index.php?rest_route=\/wp\/v2\/pages\/289"}],"collection":[{"href":"https:\/\/www.sweetbazl.cz\/index.php?rest_route=\/wp\/v2\/pages"}],"about":[{"href":"https:\/\/www.sweetbazl.cz\/index.php?rest_route=\/wp\/v2\/types\/page"}],"author":[{"embeddable":true,"href":"https:\/\/www.sweetbazl.cz\/index.php?rest_route=\/wp\/v2\/users\/1"}],"replies":[{"embeddable":true,"href":"https:\/\/www.sweetbazl.cz\/index.php?rest_route=%2Fwp%2Fv2%2Fcomments&post=289"}],"version-history":[{"count":6,"href":"https:\/\/www.sweetbazl.cz\/index.php?rest_route=\/wp\/v2\/pages\/289\/revisions"}],"predecessor-version":[{"id":306,"href":"https:\/\/www.sweetbazl.cz\/index.php?rest_route=\/wp\/v2\/pages\/289\/revisions\/306"}],"wp:attachment":[{"href":"https:\/\/www.sweetbazl.cz\/index.php?rest_route=%2Fwp%2Fv2%2Fmedia&parent=289"}],"curies":[{"name":"wp","href":"https:\/\/api.w.org\/{rel}","templated":true}]}}