{"id":352,"date":"2023-02-17T18:04:54","date_gmt":"2023-02-17T17:04:54","guid":{"rendered":"http:\/\/www.sweetbazl.cz\/?page_id=352"},"modified":"2023-02-17T18:04:54","modified_gmt":"2023-02-17T17:04:54","slug":"chilli-paprika","status":"publish","type":"page","link":"https:\/\/www.sweetbazl.cz\/?page_id=352","title":{"rendered":"Chilli Paprika"},"content":{"rendered":"<h1 style=\"text-align: center;\">Chilli Paprika<\/h1>\n<h1 style=\"text-align: center;\">Jalape\u0148os Sweet Bazl<\/h1>\n<hr \/>\n<p style=\"text-align: center;\">Datum narozen\u00ed: 28.3.2021<\/p>\n<p style=\"text-align: center;\">V\u00e1ha: 7,5kg<\/p>\n<p style=\"text-align: center;\">D\u011bdi\u010dn\u00e9 o\u010dn\u00ed vady prost\u00e9<\/p>\n<p style=\"text-align: center;\">Luxace patelly 0\/0<\/p>\n<p class=\"hide-if-no-js\"><a id=\"set-post-thumbnail\" class=\"thickbox\" href=\"https:\/\/www.sweetbazl.cz\/wp-admin\/media-upload.php?post_id=352&amp;type=image&amp;TB_iframe=1\"><img decoding=\"async\" loading=\"lazy\" class=\"attachment-post-thumbnail  aligncenter\" src=\"http:\/\/www.sweetbazl.cz\/wp-content\/uploads\/2023\/02\/IMG_20230203_201334-1140x527.jpg\" sizes=\"(max-width: 1140px) 100vw, 1140px\" srcset=\"https:\/\/www.sweetbazl.cz\/wp-content\/uploads\/2023\/02\/IMG_20230203_201334-1140x527.jpg 1140w, https:\/\/www.sweetbazl.cz\/wp-content\/uploads\/2023\/02\/IMG_20230203_201334-300x139.jpg 300w, https:\/\/www.sweetbazl.cz\/wp-content\/uploads\/2023\/02\/IMG_20230203_201334-768x355.jpg 768w, https:\/\/www.sweetbazl.cz\/wp-content\/uploads\/2023\/02\/IMG_20230203_201334-1024x473.jpg 1024w\" alt=\"IMG_20230203_201334\" width=\"719\" height=\"332\" \/><\/a><\/p>\n<p style=\"text-align: left;\">Chilli se narodila u n\u00e1s Caramellce jako jeji posledn\u00ed vrh J.Cht\u011bla jsem po n\u00ed v\u017edy, si nechat hol\u010di\u010dku, kter\u00e1 by pokra\u010dovala v rodu. Bylo to te\u017ek\u00e9 rozhodnut\u00ed vybrat ze 4 fenek, kter\u00e9 se Caramellce narodili, ale nakonec vyhrala Chilli. Vybral si j\u00ed m\u016fj man\u017eel, proto\u017ee tenhle vrh se narodil na jeho narozeniny 28.3 \ud83d\ude42<\/p>\n<p style=\"text-align: left;\">Je to u\u017easn\u00e1 fenka, klidn\u00e1, ale hrav\u00e1 a hlavn\u011b hodn\u011b chytr\u00e1. Bohu\u017eel d\u00edky covidu jsme moc nevyzkou\u0161eli vystavy, ale na t\u011bch p\u00e1r co jsme byli se chovala jako u\u017easn\u011b a odnesla si hezk\u00e9 hodnocen\u00ed. Te\u010f u\u017e j\u00ed \u010dek\u00e1 role maminky na kterou se \u0159\u00e1dn\u011b p\u0159ipravuje.<\/p>\n<p style=\"text-align: left;\"><a href=\"http:\/\/www.sweetbazl.cz\/wp-content\/uploads\/2023\/02\/IMG_20230119_1850091.jpg\"><img decoding=\"async\" loading=\"lazy\" class=\"wp-image-354 aligncenter\" src=\"http:\/\/www.sweetbazl.cz\/wp-content\/uploads\/2023\/02\/IMG_20230119_1850091-1024x473.jpg\" alt=\"IMG_20230119_185009(1)\" width=\"588\" height=\"1273\" \/><\/a><\/p>\n","protected":false},"excerpt":{"rendered":"<p>Chilli Paprika Jalape\u0148os Sweet Bazl Datum narozen\u00ed: 28.3.2021 V\u00e1ha: 7,5kg D\u011bdi\u010dn\u00e9 o\u010dn\u00ed vady prost\u00e9 Luxace patelly 0\/0 Chilli se narodila u n\u00e1s Caramellce jako jeji posledn\u00ed vrh J.Cht\u011bla jsem po n\u00ed v\u017edy, si nechat hol\u010di\u010dku, kter\u00e1 by pokra\u010dovala v rodu. Bylo to te\u017ek\u00e9 rozhodnut\u00ed vybrat ze 4 fenek, kter\u00e9 se Caramellce narodili, ale nakonec vyhrala<span class=\"excerpt-ellipsis\">&#8230;<\/span><\/p>\n<p><a class=\"more-link\" href=\"https:\/\/www.sweetbazl.cz\/?page_id=352\" itemprop=\"url\">Continue Reading<\/a><\/p>\n","protected":false},"author":1,"featured_media":353,"parent":0,"menu_order":0,"comment_status":"closed","ping_status":"closed","template":"","meta":[],"_links":{"self":[{"href":"https:\/\/www.sweetbazl.cz\/index.php?rest_route=\/wp\/v2\/pages\/352"}],"collection":[{"href":"https:\/\/www.sweetbazl.cz\/index.php?rest_route=\/wp\/v2\/pages"}],"about":[{"href":"https:\/\/www.sweetbazl.cz\/index.php?rest_route=\/wp\/v2\/types\/page"}],"author":[{"embeddable":true,"href":"https:\/\/www.sweetbazl.cz\/index.php?rest_route=\/wp\/v2\/users\/1"}],"replies":[{"embeddable":true,"href":"https:\/\/www.sweetbazl.cz\/index.php?rest_route=%2Fwp%2Fv2%2Fcomments&post=352"}],"version-history":[{"count":1,"href":"https:\/\/www.sweetbazl.cz\/index.php?rest_route=\/wp\/v2\/pages\/352\/revisions"}],"predecessor-version":[{"id":355,"href":"https:\/\/www.sweetbazl.cz\/index.php?rest_route=\/wp\/v2\/pages\/352\/revisions\/355"}],"wp:featuredmedia":[{"embeddable":true,"href":"https:\/\/www.sweetbazl.cz\/index.php?rest_route=\/wp\/v2\/media\/353"}],"wp:attachment":[{"href":"https:\/\/www.sweetbazl.cz\/index.php?rest_route=%2Fwp%2Fv2%2Fmedia&parent=352"}],"curies":[{"name":"wp","href":"https:\/\/api.w.org\/{rel}","templated":true}]}}