{"id":362,"date":"2023-02-17T18:38:06","date_gmt":"2023-02-17T17:38:06","guid":{"rendered":"http:\/\/www.sweetbazl.cz\/?page_id=362"},"modified":"2023-09-10T21:30:48","modified_gmt":"2023-09-10T19:30:48","slug":"nase-bernacky","status":"publish","type":"page","link":"https:\/\/www.sweetbazl.cz\/?page_id=362","title":{"rendered":"Na\u0161e Ber\u0148a\u010dky"},"content":{"rendered":"<p style=\"text-align: center;\"><strong>V roce 2020 jsme si jeli pro na\u0161\u00ed prvn\u00ed bernskou l\u00e1sku Bibi &#8211; Unique Jasmine Carallsa a rok na to, proto\u017ee Bibi bylo smutno jsme si jeli pro na\u0161\u00ed druhou pusinku Nesse- Xennesse Carallsa.\u00a0<\/strong><\/p>\n<p style=\"text-align: center;\"><strong>Na\u0161e velk\u00e9 d\u00edky pat\u0159\u00ed Nele Pultarov\u00e9 a jej\u00ed Carallsa, proto\u017ee m\u00e1me d\u00edky n\u00ed kvalitn\u00ed, zdrav\u00e9 a kr\u00e1sn\u00e9 hol\u010di\u010dky. Nav\u00edc n\u00e1m v\u017edy se v\u0161\u00edm porad\u00ed, d\u011bkujeme<\/strong>!<\/p>\n<p style=\"text-align: center;\"><a href=\"http:\/\/www.sweetbazl.cz\/wp-content\/uploads\/2017\/05\/received_1222094288351955.jpeg\"><img decoding=\"async\" loading=\"lazy\" class=\"alignnone size-medium wp-image-398\" src=\"http:\/\/www.sweetbazl.cz\/wp-content\/uploads\/2017\/05\/received_1222094288351955-300x248.jpeg\" alt=\"received_1222094288351955\" width=\"300\" height=\"248\" srcset=\"https:\/\/www.sweetbazl.cz\/wp-content\/uploads\/2017\/05\/received_1222094288351955-300x248.jpeg 300w, https:\/\/www.sweetbazl.cz\/wp-content\/uploads\/2017\/05\/received_1222094288351955-768x635.jpeg 768w, https:\/\/www.sweetbazl.cz\/wp-content\/uploads\/2017\/05\/received_1222094288351955-1024x847.jpeg 1024w, https:\/\/www.sweetbazl.cz\/wp-content\/uploads\/2017\/05\/received_1222094288351955-1140x942.jpeg 1140w, https:\/\/www.sweetbazl.cz\/wp-content\/uploads\/2017\/05\/received_1222094288351955.jpeg 2048w\" sizes=\"(max-width: 300px) 100vw, 300px\" \/><\/a><\/p>\n","protected":false},"excerpt":{"rendered":"<p>V roce 2020 jsme si jeli pro na\u0161\u00ed prvn\u00ed bernskou l\u00e1sku Bibi &#8211; Unique Jasmine Carallsa a rok na to, proto\u017ee Bibi bylo smutno jsme si jeli pro na\u0161\u00ed druhou pusinku Nesse- Xennesse Carallsa.\u00a0 Na\u0161e velk\u00e9 d\u00edky pat\u0159\u00ed Nele Pultarov\u00e9 a jej\u00ed Carallsa, proto\u017ee m\u00e1me d\u00edky n\u00ed kvalitn\u00ed, zdrav\u00e9 a kr\u00e1sn\u00e9 hol\u010di\u010dky. Nav\u00edc n\u00e1m v\u017edy<span class=\"excerpt-ellipsis\">&#8230;<\/span><\/p>\n<p><a class=\"more-link\" href=\"https:\/\/www.sweetbazl.cz\/?page_id=362\" itemprop=\"url\">Continue Reading<\/a><\/p>\n","protected":false},"author":1,"featured_media":0,"parent":0,"menu_order":0,"comment_status":"closed","ping_status":"closed","template":"","meta":[],"_links":{"self":[{"href":"https:\/\/www.sweetbazl.cz\/index.php?rest_route=\/wp\/v2\/pages\/362"}],"collection":[{"href":"https:\/\/www.sweetbazl.cz\/index.php?rest_route=\/wp\/v2\/pages"}],"about":[{"href":"https:\/\/www.sweetbazl.cz\/index.php?rest_route=\/wp\/v2\/types\/page"}],"author":[{"embeddable":true,"href":"https:\/\/www.sweetbazl.cz\/index.php?rest_route=\/wp\/v2\/users\/1"}],"replies":[{"embeddable":true,"href":"https:\/\/www.sweetbazl.cz\/index.php?rest_route=%2Fwp%2Fv2%2Fcomments&post=362"}],"version-history":[{"count":4,"href":"https:\/\/www.sweetbazl.cz\/index.php?rest_route=\/wp\/v2\/pages\/362\/revisions"}],"predecessor-version":[{"id":401,"href":"https:\/\/www.sweetbazl.cz\/index.php?rest_route=\/wp\/v2\/pages\/362\/revisions\/401"}],"wp:attachment":[{"href":"https:\/\/www.sweetbazl.cz\/index.php?rest_route=%2Fwp%2Fv2%2Fmedia&parent=362"}],"curies":[{"name":"wp","href":"https:\/\/api.w.org\/{rel}","templated":true}]}}