{"id":589,"date":"2026-02-01T20:37:31","date_gmt":"2026-02-01T19:37:31","guid":{"rendered":"https:\/\/www.sweetbazl.cz\/?page_id=589"},"modified":"2026-02-01T20:37:31","modified_gmt":"2026-02-01T19:37:31","slug":"cassidy","status":"publish","type":"page","link":"https:\/\/www.sweetbazl.cz\/?page_id=589","title":{"rendered":"Cassidy"},"content":{"rendered":"\n<h2 class=\"wp-block-heading\">Cassidy Sweet Bazl<\/h2>\n\n\n\n<p><strong>Narozen\u00e1: 1. 9. 2024<\/strong><\/p>\n\n\n\n<figure class=\"wp-block-gallery has-nested-images columns-default is-cropped wp-block-gallery-1 is-layout-flex\"><div class=\"wp-block-image\">\n<figure class=\"aligncenter size-large\"><a href=\"https:\/\/www.sweetbazl.cz\/wp-content\/uploads\/2026\/02\/IMG_7196-scaled.jpg\"><img decoding=\"async\" loading=\"lazy\" width=\"1024\" height=\"788\" data-id=\"591\"  src=\"https:\/\/www.sweetbazl.cz\/wp-content\/uploads\/2026\/02\/IMG_7196-1024x788.jpg\" alt=\"\" class=\"wp-image-591\" srcset=\"https:\/\/www.sweetbazl.cz\/wp-content\/uploads\/2026\/02\/IMG_7196-1024x788.jpg 1024w, https:\/\/www.sweetbazl.cz\/wp-content\/uploads\/2026\/02\/IMG_7196-300x231.jpg 300w, https:\/\/www.sweetbazl.cz\/wp-content\/uploads\/2026\/02\/IMG_7196-768x591.jpg 768w, https:\/\/www.sweetbazl.cz\/wp-content\/uploads\/2026\/02\/IMG_7196-1536x1182.jpg 1536w, https:\/\/www.sweetbazl.cz\/wp-content\/uploads\/2026\/02\/IMG_7196-2048x1576.jpg 2048w, https:\/\/www.sweetbazl.cz\/wp-content\/uploads\/2026\/02\/IMG_7196-1140x877.jpg 1140w\" sizes=\"(max-width: 1024px) 100vw, 1024px\" \/><\/a><\/figure><\/div><\/figure>\n\n\n\n<p class=\"has-text-align-center\">Cassidy se narodila v na\u0161\u00ed chovatelsk\u00e9 stanici jako dcera na\u0161\u00ed Bibi. Bylo to pro n\u00e1s opravdu t\u011b\u017ek\u00e9 rozhodnut\u00ed, kterou hol\u010di\u010dku si nechat doma \u2013 z cel\u00e9ho vrhu osmi \u0161t\u011b\u0148\u00e1tek byly hned t\u0159i n\u00e1dhern\u00e9 sle\u010dny.<\/p>\n\n\n\n<p class=\"has-text-align-center\">Nakonec si m\u011b z\u00edskala pr\u00e1v\u011b ona, a tak z\u016fstala Cassidy. Doma j\u00ed s \u00fasm\u011bvem \u0159\u00edk\u00e1me \u201e\u0161prtka\u201c \u2013 je toti\u017e velmi poslu\u0161n\u00e1, vn\u00edmav\u00e1 a v\u017edy se sna\u017e\u00ed zal\u00edbit. Samoz\u0159ejm\u011b ob\u010das do toho vstoup\u00ed puberta, a to pak um\u00ed p\u011bkn\u011b zlobit. \ud83d\ude0a<\/p>\n\n\n\n<p class=\"has-text-align-center\">V roce 2026 Cassidy \u010dek\u00e1 spousta d\u016fle\u017eit\u00fdch krok\u016f \u2013 nap\u0159\u00edklad rentgeny, bonitace a tak\u00e9 prvn\u00ed v\u00fdstavy. Zat\u00edm kr\u00e1sn\u011b roste, a i kdy\u017e z n\u00ed nebude \u017e\u00e1dn\u00fd obr, je to moc hezk\u00e1, harmonick\u00e1 fenka s milou povahou.<\/p>\n\n\n\n<figure class=\"wp-block-gallery has-nested-images columns-default is-cropped wp-block-gallery-3 is-layout-flex\"><div class=\"wp-block-image\">\n<figure class=\"aligncenter size-large\"><a href=\"https:\/\/www.sweetbazl.cz\/wp-content\/uploads\/2026\/02\/IMG_7323-scaled.jpg\"><img decoding=\"async\" loading=\"lazy\" width=\"1024\" height=\"683\" data-id=\"590\"  src=\"https:\/\/www.sweetbazl.cz\/wp-content\/uploads\/2026\/02\/IMG_7323-1024x683.jpg\" alt=\"\" class=\"wp-image-590\" srcset=\"https:\/\/www.sweetbazl.cz\/wp-content\/uploads\/2026\/02\/IMG_7323-1024x683.jpg 1024w, https:\/\/www.sweetbazl.cz\/wp-content\/uploads\/2026\/02\/IMG_7323-300x200.jpg 300w, https:\/\/www.sweetbazl.cz\/wp-content\/uploads\/2026\/02\/IMG_7323-768x512.jpg 768w, https:\/\/www.sweetbazl.cz\/wp-content\/uploads\/2026\/02\/IMG_7323-1536x1024.jpg 1536w, https:\/\/www.sweetbazl.cz\/wp-content\/uploads\/2026\/02\/IMG_7323-2048x1365.jpg 2048w, https:\/\/www.sweetbazl.cz\/wp-content\/uploads\/2026\/02\/IMG_7323-1140x760.jpg 1140w\" sizes=\"(max-width: 1024px) 100vw, 1024px\" \/><\/a><\/figure><\/div><\/figure>\n","protected":false},"excerpt":{"rendered":"<p>Cassidy Sweet Bazl Narozen\u00e1: 1. 9. 2024 Cassidy se narodila v na\u0161\u00ed chovatelsk\u00e9 stanici jako dcera na\u0161\u00ed Bibi. Bylo to pro n\u00e1s opravdu t\u011b\u017ek\u00e9 rozhodnut\u00ed, kterou hol\u010di\u010dku si nechat doma \u2013 z cel\u00e9ho vrhu osmi \u0161t\u011b\u0148\u00e1tek byly hned t\u0159i n\u00e1dhern\u00e9 sle\u010dny. Nakonec si m\u011b z\u00edskala pr\u00e1v\u011b ona, a tak z\u016fstala Cassidy. Doma j\u00ed s \u00fasm\u011bvem<span class=\"excerpt-ellipsis\">&#8230;<\/span><\/p>\n<p><a class=\"more-link\" href=\"https:\/\/www.sweetbazl.cz\/?page_id=589\" itemprop=\"url\">Continue Reading<\/a><\/p>\n","protected":false},"author":1,"featured_media":0,"parent":0,"menu_order":0,"comment_status":"closed","ping_status":"closed","template":"","meta":[],"_links":{"self":[{"href":"https:\/\/www.sweetbazl.cz\/index.php?rest_route=\/wp\/v2\/pages\/589"}],"collection":[{"href":"https:\/\/www.sweetbazl.cz\/index.php?rest_route=\/wp\/v2\/pages"}],"about":[{"href":"https:\/\/www.sweetbazl.cz\/index.php?rest_route=\/wp\/v2\/types\/page"}],"author":[{"embeddable":true,"href":"https:\/\/www.sweetbazl.cz\/index.php?rest_route=\/wp\/v2\/users\/1"}],"replies":[{"embeddable":true,"href":"https:\/\/www.sweetbazl.cz\/index.php?rest_route=%2Fwp%2Fv2%2Fcomments&post=589"}],"version-history":[{"count":1,"href":"https:\/\/www.sweetbazl.cz\/index.php?rest_route=\/wp\/v2\/pages\/589\/revisions"}],"predecessor-version":[{"id":593,"href":"https:\/\/www.sweetbazl.cz\/index.php?rest_route=\/wp\/v2\/pages\/589\/revisions\/593"}],"wp:attachment":[{"href":"https:\/\/www.sweetbazl.cz\/index.php?rest_route=%2Fwp%2Fv2%2Fmedia&parent=589"}],"curies":[{"name":"wp","href":"https:\/\/api.w.org\/{rel}","templated":true}]}}